 digit of f?
7
Let q be 6/15 + (-62)/5. Let r be (12 + q)/(-3 - -1). Suppose 2*l + 3*a = 225, 4*l + a = -r*l + 465. What is the hundreds digit of l?
1
Let q(f) = f**2 + 3*f - 35. Let r(m) = -2*m**2 + 37*m + 93. Let i be r(21). What is the units digit of q(i)?
3
Let v(i) = -18*i + 65*i - 32 + 45*i + 6. What is the units digit of v(5)?
4
Suppose -4*z - 5*n + 2*n - 97 = 0, 2 = 2*n. Let f be 14*(5/z - 234/(-20)). Suppose 5*l - 685 = -s, 0*l - l - 5*s + f = 0. What is the hundreds digit of l?
1
Let i be 2968/6 - 2/3. Suppose 2*p - i = 170. Suppose 0*r - 4*r = -p. What is the tens digit of r?
8
Let h = 7304 - 3993. Suppose 6*s - h = -5*s. What is the units digit of s?
1
Suppose 15*i - 1203 = 73137. What is the hundreds digit of i?
9
Let y(j) = -14*j**3 - 3*j**2 + j + 5. Let h be (6/5)/((-86)/215). What is the tens digit of y(h)?
5
Let o(f) = f**3 - 22*f**2 - 48*f + 4. Let d be o(24). What is the tens digit of (4 - -25)/(2/d)?
5
Suppose -4*f - 5*c = -180050, 0 = 2*f + 45*c - 40*c - 90010. What is the ten thousands digit of f?
4
Suppose -25731 = 39*d - 502645 - 389900. What is the units digit of d?
6
Let u = 7262 - 6650. What is the tens digit of u?
1
Let v = -1351 + -594. Let t = 2731 + v. What is the units digit of t?
6
Suppose 0 = 5*z - 4*w + 1519, -3*w - 1 = -4*w. Let d be -3 - (-4 + 1) - 469. Let c = z - d. What is the units digit of c?
6
Let b(i) = -6626*i + 2979. What is the ten thousands digit of b(-3)?
2
Suppose -4*l = -z - 31, 3*l = -7*z + 2*z - 40. Let g(v) = v**2 - 14*v + 25. What is the tens digit of g(z)?
0
Let w = -546 - -546. Suppose 5*b - 10*b + 1730 = w. What is the units digit of b?
6
Let l be (6/(-12))/1 + (-3298)/(-4). Suppose 7*f - l = -f. What is the units digit of f?
3
Let n = 16 - 16. Suppose n = -d + 127 + 590. What is the hundreds digit of d?
7
Suppose -q - 4*g - 4 = g, 4*q - 28 = 2*g. Let l(c) = 2*c**3 - 5*c**2 + 6*c + 3. What is the units digit of l(q)?
1
Suppose -2*a = 102 - 484. What is the hundreds digit of a?
1
Let s be (21 - -1)*-101*553/(-158). Suppose 0 = -86*n + 75*n + s. What is the tens digit of n?
0
Let c be 13/5 - 7/((-210)/12). Suppose 584 = -s - s + 3*h, s - c*h + 289 = 0. Let r = s + 509. What is the tens digit of r?
1
What is the units digit of (338/(-4))/(-6 - 3555/(-594))?
7
Let f = -2 + 1. Let h(o) be the first derivative of -13*o**2/2 + 2*o + 931. What is the tens digit of h(f)?
1
Let q(n) be the first derivative of -3*n**4/4 + 2*n**3/3 - n**2/2 + n + 5. Let t be q(-2). Let a = t + 47. What is the units digit of a?
2
Suppose -r - 3*w = -132, 5*r - 670 = -4*w - w. Let h = r - -572. What is the hundreds digit of h?
7
What is the hundreds digit of (-10 - 441/(-14))*146?
1
Let p(o) = -28*o**3 - 7*o**2 - 8*o - 18. Let w be p(-5). Suppose -38*x + d - 2514 = -41*x, 3*d - w = -4*x. What is the hundreds digit of x?
8
What is the units digit of (3 + 181 + 11)*(154 - (1 + 4))?
5
Suppose -4*v = -5*h + 29, -2*v = 3*h + 12 - 3. Let u be -1 - (-2 - v - 9). Suppose -u*z = -2*z - o - 139, -2*z - 3*o + 143 = 0. What is the tens digit of z?
7
Suppose -255 = -163*o + 158*o. What is the hundreds digit of 2/(-17) - (-23619)/o?
4
What is the hundreds digit of 844550/114 - 1/(9/(-6))?
4
Let t(s) = s**2 - 7*s + 14. Let n be t(6). Let r = n + 4. Suppose -r = -3*z, -4*b - z = -4*z + 4. What is the units digit of b?
2
Let d be (-66)/(-42) - 3/(-21)*3. Suppose 0 = -7*q + d*q - 560. Let n = 192 + q. What is the units digit of n?
0
Let g be 1341/63 - (-4)/(-14). Suppose -g*d + 16*d = -125. What is the tens digit of d?
2
Let m(r) = -7 - 93*r - 27 + 11*r - 35. What is the tens digit of m(-6)?
2
Let l(s) = -29*s**2 + 3*s + 2. Let z be l(-2). What is the tens digit of (3/4)/(-2 + (-243)/z)?
3
Let g(f) = 5*f - 7. Let i be g(-13). Let b = 78 + i. Suppose -534 + 1566 = b*h. What is the units digit of h?
2
Suppose -2*h + 2*p - 10 = 2*h, -3*h = 4*p - 20. Suppose 5*i - 3 - 27 = h. Suppose -3*g + 10 = 4*q, -i*g + 4*g + 3*q = -18. What is the units digit of g?
6
Let o = 657 + -205. Let c = o - -229. What is the tens digit of c?
8
Suppose 0 = 5*v - l - 75412, 9*v - 20*l = -15*l + 135748. What is the units digit of v?
2
Suppose -157*m - 24 = -155*m. Let x be ((-8)/10)/(m/31710*-7). Let w = x - -475. What is the units digit of w?
3
Suppose 5*d + 42920 = 5*r, -2*d + 3081 + 5506 = r. What is the thousands digit of r?
8
Suppose 5*w = 3*w + 2490. Let l = w - 832. What is the hundreds digit of l?
4
Suppose 239*y = 158*y + 378837. What is the tens digit of y?
7
Let m = 167 + -263. Let s = -1959 - -1926. Let j = s - m. What is the tens digit of j?
6
Let v = -10985 - -18375. What is the units digit of v?
0
Let q = 23685 - 12924. What is the units digit of q?
1
Let x(r) = 85*r + 2. Suppose 3*j = -3*j - 72. Let c be (j/4)/(-1*3). What is the units digit of x(c)?
7
Let t(x) = 3*x**2 - 8*x - 61. Let p be t(10). Let a = -147 + p. What is the units digit of a?
2
What is the thousands digit of ((-37)/3 + 11 - 0)*-23448?
1
Suppose 4776*l - 4769*l - 164143 = 0. What is the hundreds digit of l?
4
Let q(o) = 1242*o**2 + 732*o - 23. What is the units digit of q(7)?
9
Let t(r) = 4*r**2 + 2*r - 1295. What is the hundreds digit of t(-80)?
1
Let n(d) = -d + 25*d + d + 11. Let u be 12/(-3) + 11 - 1. What is the tens digit of n(u)?
6
Let f be (36/4 + -2)*1. Let t(k) = -k**3 + 9*k**2 + 7*k - 38. What is the hundreds digit of t(f)?
1
Let g = 1070 + 6976. What is the tens digit of g?
4
Suppose -j + 8 = -47. What is the tens digit of (j/10)/(6/324)?
9
Suppose -3*x + 37 = -3*t - 482, 2*x + 662 = -4*t. Let u = t - -203. What is the tens digit of u?
3
Let g = 62178 - -2155. What is the units digit of g?
3
Let j(f) = -f**3 - 4*f**2 + 2*f + 3. Let z be j(-5). Let c(u) = -1 + 29*u - 8 + 18 - u**2 - 1 - 9. What is the units digit of c(z)?
7
Let r(u) = 1014*u**2 + 18*u + 27. What is the hundreds digit of r(-2)?
0
Let r = -8149 - -18463. What is the units digit of r?
4
Let k = 34 + -15. Suppose 521 = -18*o + k*o - 5*m, 0 = -5*o + 2*m + 2628. What is the units digit of o?
6
Let r be (-8)/44 - (-12513)/33. Suppose 0 = -5*i - 1 + 21, -r = -5*y + 4*i. Suppose -y = -2*f + 3. What is the tens digit of f?
4
Let w be -1 + -3 - (-17 + 10). Let n(u) = -11*u**2 - u - 10. Let t be n(w). What is the tens digit of (t/12)/(-7)*36?
4
Suppose -j + o - 39971 = -5*j, -5*j - 2*o = -49963. What is the tens digit of j?
9
Let i = 144 + -11. Let s = -35 + i. What is the units digit of -1 + 5/10*s?
8
Suppose 326 - 1097 = -3*s. Let q = s + 16. What is the hundreds digit of q?
2
Let x(q) = -18*q**3 - 4*q**2 - 2*q - 29. Let m be x(-4). Suppose 0 = -4*f + 1569 + m. What is the tens digit of f?
5
Let l be (-3)/((-4)/(-4724)*-3). Suppose 5*u - u + 241 = k, 0 = 5*k + 4*u - l. Suppose 0 = 3*q + 81 - k. What is the tens digit of q?
5
What is the ten thousands digit of 18436640/1120 - 6/21*1?
1
Let g = -78020 + 118355. What is the ten thousands digit of g?
4
Suppose c + 5*w - 179 - 592 = 0, c - 5*w = 831. What is the hundreds digit of c?
8
What is the thousands digit of ((-4)/(-3))/(83679880/1946040 + -43)?
6
Let t = -8299 - -24510. What is the units digit of t?
1
Let q be ((-4)/(-6))/(8/(-107964)*-3). Let s = -1547 + q. What is the hundreds digit of s?
4
Let u be ((-4)/(-6))/(50/8325). Let p = 117 + u. What is the units digit of p?
8
Suppose 4*g + l = -5928, 5*g + 9846 = -5*l + 2451. Let u = 751 + g. What is the hundreds digit of (-5 - 1) + 2 + u/(-6)?
1
Suppose 0 = -7*r + 5*r - 3*c - 4130, 0 = 5*r + 2*c + 10325. Let s = r + 3291. What is the thousands digit of s?
1
Let q be 1/3 + 87/9. Let b be (1 + -21)*((-48)/216 + 34/(-90)). Suppose -q*l - 218 = -b*l. What is the hundreds digit of l?
1
Let z = 20229 - -3103. What is the tens digit of z?
3
Let o(x) = -x**2 - 10*x - 28. Let l be o(-11). Let r = -34 - l. Suppose -r*f = 5*f - 500. What is the tens digit of f?
5
Let u(t) = 82*t - 150. Let j be u(26). Suppose 2*p = 3*r + j + 489, -2*r - 10 = 0. What is the units digit of p?
8
Let h = 8150 - 1349. What is the tens digit of h?
0
Let a(o) be the third derivative of o**5/30 - o**4/6 - 19*o**3/6 + 79*o**2. What is the hundreds digit of a(-13)?
3
Let v(w) = -83*w**3 - 18*w**2 - 77*w - 200. What is the tens digit of v(-8)?
6
Suppose 9*l = 14164 - 700. Let p = l - 839. What is the hundreds digit of p?
6
Let k(j) = j**3 - 25*